{"id":6,"date":"2021-04-20T14:25:28","date_gmt":"2021-04-20T12:25:28","guid":{"rendered":"https:\/\/les7mers.wordpress.com\/?page_id=6"},"modified":"2021-06-03T08:28:24","modified_gmt":"2021-06-03T06:28:24","slug":"home","status":"publish","type":"page","link":"https:\/\/neuhausj.emf-informatique.ch\/Les7mers\/","title":{"rendered":"Accueil"},"content":{"rendered":"\t\t<div data-elementor-type=\"wp-page\" data-elementor-id=\"6\" class=\"elementor elementor-6\" data-elementor-settings=\"[]\">\n\t\t\t\t\t\t\t<div class=\"elementor-section-wrap\">\n\t\t\t\t\t\t\t<section class=\"elementor-section elementor-top-section elementor-element elementor-element-5c62531 elementor-section-boxed elementor-section-height-default elementor-section-height-default\" data-id=\"5c62531\" data-element_type=\"section\">\n\t\t\t\t\t\t<div class=\"elementor-container elementor-column-gap-default\">\n\t\t\t\t\t<div class=\"elementor-column elementor-col-100 elementor-top-column elementor-element elementor-element-ca8a400\" data-id=\"ca8a400\" data-element_type=\"column\">\n\t\t\t<div class=\"elementor-widget-wrap elementor-element-populated\">\n\t\t\t\t\t\t\t\t<div class=\"elementor-element elementor-element-8d42983 elementor-widget elementor-widget-text-editor\" data-id=\"8d42983\" data-element_type=\"widget\" data-widget_type=\"text-editor.default\">\n\t\t\t\t<div class=\"elementor-widget-container\">\n\t\t\t\t\t\t\t\t<div>Bienvenue, ceci est un site web informant sur le comportement correct \u00e0 avoir lors de l&rsquo;utilisation des navigateurs web.\u00a0<\/div>\t\t\t\t\t\t<\/div>\n\t\t\t\t<\/div>\n\t\t\t\t\t<\/div>\n\t\t<\/div>\n\t\t\t\t\t\t\t<\/div>\n\t\t<\/section>\n\t\t\t\t<section class=\"elementor-section elementor-top-section elementor-element elementor-element-988920b elementor-section-boxed elementor-section-height-default elementor-section-height-default\" data-id=\"988920b\" data-element_type=\"section\">\n\t\t\t\t\t\t<div class=\"elementor-container elementor-column-gap-default\">\n\t\t\t\t\t<div class=\"elementor-column elementor-col-100 elementor-top-column elementor-element elementor-element-74a0bff\" data-id=\"74a0bff\" data-element_type=\"column\">\n\t\t\t<div class=\"elementor-widget-wrap elementor-element-populated\">\n\t\t\t\t\t\t\t\t<div class=\"elementor-element elementor-element-d7d8ec7 elementor-widget elementor-widget-image\" data-id=\"d7d8ec7\" data-element_type=\"widget\" data-widget_type=\"image.default\">\n\t\t\t\t<div class=\"elementor-widget-container\">\n\t\t\t\t\t\t\t\t\t\t\t\t\t\t\t<img loading=\"lazy\" decoding=\"async\" width=\"300\" height=\"300\" src=\"https:\/\/neuhausj.emf-informatique.ch\/Les7mers\/wp-content\/uploads\/2021\/05\/Les7Mers-300x300.png\" class=\"attachment-medium size-medium\" alt=\"\" srcset=\"https:\/\/neuhausj.emf-informatique.ch\/Les7mers\/wp-content\/uploads\/2021\/05\/Les7Mers-300x300.png 300w, https:\/\/neuhausj.emf-informatique.ch\/Les7mers\/wp-content\/uploads\/2021\/05\/Les7Mers-150x150.png 150w, https:\/\/neuhausj.emf-informatique.ch\/Les7mers\/wp-content\/uploads\/2021\/05\/Les7Mers.png 640w\" sizes=\"auto, (max-width: 300px) 100vw, 300px\" \/>\t\t\t\t\t\t\t\t\t\t\t\t\t\t\t<\/div>\n\t\t\t\t<\/div>\n\t\t\t\t\t<\/div>\n\t\t<\/div>\n\t\t\t\t\t\t\t<\/div>\n\t\t<\/section>\n\t\t\t\t<section class=\"elementor-section elementor-top-section elementor-element elementor-element-d2aab1c elementor-section-boxed elementor-section-height-default elementor-section-height-default\" data-id=\"d2aab1c\" data-element_type=\"section\">\n\t\t\t\t\t\t<div class=\"elementor-container elementor-column-gap-default\">\n\t\t\t\t\t<div class=\"elementor-column elementor-col-100 elementor-top-column elementor-element elementor-element-a249d0d\" data-id=\"a249d0d\" data-element_type=\"column\">\n\t\t\t<div class=\"elementor-widget-wrap elementor-element-populated\">\n\t\t\t\t\t\t\t\t<div class=\"elementor-element elementor-element-5287708 elementor-widget elementor-widget-text-editor\" data-id=\"5287708\" data-element_type=\"widget\" data-widget_type=\"text-editor.default\">\n\t\t\t\t<div class=\"elementor-widget-container\">\n\t\t\t\t\t\t\t\t<p>Ce site a \u00e9t\u00e9 cr\u00e9\u00e9 par trois \u00e9tudiants en informatique de l&rsquo;\u00e9cole des m\u00e9tiers \u00e0 fribourg, repr\u00e9sentant \u00ab\u00a0Les 7 mers\u00a0\u00bb . Il a \u00e9t\u00e9 cr\u00e9\u00e9 pour soutenir une pr\u00e9sentation sur ce m\u00eame sujet.<\/p>\t\t\t\t\t\t<\/div>\n\t\t\t\t<\/div>\n\t\t\t\t\t<\/div>\n\t\t<\/div>\n\t\t\t\t\t\t\t<\/div>\n\t\t<\/section>\n\t\t\t\t\t\t<\/div>\n\t\t\t\t\t<\/div>\n\t\t","protected":false},"excerpt":{"rendered":"<p>Bienvenue, ceci est un site web informant sur le comportement correct \u00e0 avoir lors de l&rsquo;utilisation des navigateurs web.\u00a0 Ce site a \u00e9t\u00e9 cr\u00e9\u00e9 par trois \u00e9tudiants en informatique de l&rsquo;\u00e9cole des m\u00e9tiers \u00e0 fribourg, repr\u00e9sentant \u00ab\u00a0Les 7 mers\u00a0\u00bb . Il a \u00e9t\u00e9 cr\u00e9\u00e9 pour soutenir une pr\u00e9sentation sur ce m\u00eame sujet.<\/p>\n","protected":false},"author":1,"featured_media":0,"parent":0,"menu_order":1,"comment_status":"closed","ping_status":"closed","template":"","meta":{"footnotes":""},"class_list":["post-6","page","type-page","status-publish","hentry"],"_links":{"self":[{"href":"https:\/\/neuhausj.emf-informatique.ch\/Les7mers\/index.php\/wp-json\/wp\/v2\/pages\/6","targetHints":{"allow":["GET"]}}],"collection":[{"href":"https:\/\/neuhausj.emf-informatique.ch\/Les7mers\/index.php\/wp-json\/wp\/v2\/pages"}],"about":[{"href":"https:\/\/neuhausj.emf-informatique.ch\/Les7mers\/index.php\/wp-json\/wp\/v2\/types\/page"}],"author":[{"embeddable":true,"href":"https:\/\/neuhausj.emf-informatique.ch\/Les7mers\/index.php\/wp-json\/wp\/v2\/users\/1"}],"replies":[{"embeddable":true,"href":"https:\/\/neuhausj.emf-informatique.ch\/Les7mers\/index.php\/wp-json\/wp\/v2\/comments?post=6"}],"version-history":[{"count":10,"href":"https:\/\/neuhausj.emf-informatique.ch\/Les7mers\/index.php\/wp-json\/wp\/v2\/pages\/6\/revisions"}],"predecessor-version":[{"id":302,"href":"https:\/\/neuhausj.emf-informatique.ch\/Les7mers\/index.php\/wp-json\/wp\/v2\/pages\/6\/revisions\/302"}],"wp:attachment":[{"href":"https:\/\/neuhausj.emf-informatique.ch\/Les7mers\/index.php\/wp-json\/wp\/v2\/media?parent=6"}],"curies":[{"name":"wp","href":"https:\/\/api.w.org\/{rel}","templated":true}]}}